 units digit of t?
4
Suppose 5668 = 6*t - 50612. What is the tens digit of t?
8
Let o(v) = 7*v**2 - 221*v + 31. What is the hundreds digit of o(43)?
4
Suppose 27*p + 4718184 = 201*p. What is the tens digit of p?
1
Suppose 0 = -3*s - 4*i + 7307, -3*i - i + 20 = 0. What is the tens digit of s?
2
Let a = 2483 + -1432. Suppose q + 2*q + 4*r - a = 0, -3*r - 1713 = -5*q. What is the units digit of q?
5
Suppose 0 = u - 7 - 154. Suppose -u = -2*s + s - 5*o, -4 = -4*o. What is the tens digit of s?
5
Let f be -283*(-12)/(-34) + (-28)/238. Let t = f + 104. Suppose 2*w = 2*a - t, -3*a = -6*a - 3*w + 12. What is the units digit of a?
3
What is the tens digit of 798*10/(-80)*-4*199?
0
Let o be 4/18 + 8120/72. Let w(u) = 2*u**2 - 3*u - 59. Let y be w(-7). Let s = o - y. What is the tens digit of s?
5
Suppose 7471 = t - 4*s + 1324, -3*s - 24549 = -4*t. What is the units digit of t?
5
Let y = -22374 - -33238. What is the tens digit of y?
6
Let n = 128 + -126. Suppose -2*w = n*l - 828, -1257 = -3*w + 26*l - 24*l. What is the units digit of w?
7
Suppose -62*j - 94123 = -5*g - 58*j, 0 = -2*g + 5*j + 37656. What is the thousands digit of g?
8
Suppose -4*q - 85 + 90 = m, 5 = 5*q + m. Suppose q*k = -9*k + 15705. What is the tens digit of k?
4
Let x = 4768 - 1309. What is the thousands digit of x?
3
What is the tens digit of (38/285*-25)/(3/(40374/(-4)))?
1
Let i = 51568 + -26870. What is the ten thousands digit of i?
2
Let m(x) = -4*x**2 + x. Let f(q) = 27*q**2 + 29*q + 16. Let c(z) = f(z) + 4*m(z). What is the hundreds digit of c(-7)?
3
Let o = -2365 + 2858. What is the tens digit of o?
9
Suppose 17737 + 48562 = 8*t - 38149. What is the thousands digit of t?
3
Let i = -19 - -24. Suppose -i*f - 1112 + 3717 = 0. What is the hundreds digit of f?
5
What is the ten thousands digit of (-37320)/36*(-15 + (11 - 8))?
1
Let y(r) = -1803*r - 447. What is the thousands digit of y(-3)?
4
Let n(g) be the first derivative of -80*g**2 - 7*g - 2. Let r(b) = -147*b + 1028. Let p be r(7). What is the tens digit of n(p)?
5
Let x(p) = -p**3 + 28 + 3*p + 59 - 18*p**2 - 33. Let o be x(-18). Suppose 4*f - m - 369 = 2*f, o = f + 4*m - 180. What is the tens digit of f?
8
Let r be 3 - (12/3 - 6). Suppose l - r*l = -24. Suppose -g - l = -44. What is the units digit of g?
8
Suppose -2*r = -2, -a - 9*r + 5*r = 0. Let j(u) = -4*u**2 + 3*u - 12. Let p be j(a). Let c = p + 152. What is the tens digit of c?
6
Let i(a) = -a**2 - 19*a + 5. Let z be i(-15). Suppose 0 = h + 11 - z. What is the tens digit of (h/(-45))/(1 - (-132)/(-130))?
7
What is the tens digit of (26*4)/2 + (14 - 12)?
5
Let s be 537 + -1 - (34 - 37). Suppose -s*y + 678 = -533*y. What is the units digit of y?
3
Suppose 2*c = -5*o + 26014, 5*o + 65000 = -4*c + 9*c. What is the ten thousands digit of c?
1
What is the tens digit of 951/(145/(-185)*5 - -4)?
2
Suppose -14*a + 10*a - 3*p = -1728, -4*a + 5*p = -1728. What is the tens digit of 4 + (-6 - 4) + a?
2
Suppose 3*n - 5293 = -2*z, -415 = z + 3*n - 3063. What is the hundreds digit of z?
6
Let n = -501 + 507. Suppose 8*g - 1424 = n*g. What is the tens digit of g?
1
Let t(q) = -q**2 + 2*q - 17. Let b be 2 + ((-30)/(-5))/(-3). Let l be t(b). What is the units digit of 4/34 + (-1409)/l?
3
Let s(u) be the first derivative of 3*u**4/4 - 5*u**3/3 - u**2 - 8*u - 1523. Let t be 4 - (-1 - (-1)/1). What is the units digit of s(t)?
6
Suppose -9*z + 10*z - 2 = 0. Let l be 5 - (-4 + 2 + z). Suppose 0 = l*q - 559 + 39. What is the hundreds digit of q?
1
Let g(c) = c**2 - 12*c + 3. Let w be g(11). What is the hundreds digit of 8*(-3 + (-20)/w) - -385?
3
Suppose -24*s = -26*s + 76. Suppose -3*g = -2*k - 5*g + 56, 4*g + s = k. What is the tens digit of k?
3
Let h(d) = -d**2 + 8*d - 4. Let n be h(10). Let p = n + 99. What is the tens digit of p?
7
Let z = 12 + -2. Let x(p) = z*p**2 + 5*p**2 - 4*p**2. What is the tens digit of x(-3)?
9
Let b(w) = 2*w**2 + 117*w - 565. What is the thousands digit of b(89)?
5
Let z = -71 - -66. What is the units digit of 0 + (-2)/z - (-173)/5?
5
Suppose 3*v = -3*c + 19362, -4*v + 19*c + 25786 = 17*c. What is the thousands digit of v?
6
Let j = -6309 - -23829. What is the hundreds digit of j?
5
Suppose -5*p + 1200 = 15*p. What is the tens digit of (-1*(-63)/(-14))/((-9)/p)?
3
Let g = 161 + -162. What is the units digit of (-4 - (-6 - 945)) + (-1 - g)?
7
Let v(a) = -76*a + 147. Let c(d) = -37*d + 73. Let p(y) = -9*c(y) + 4*v(y). What is the tens digit of p(20)?
1
Suppose 0 = -4*o - 2*t + 91138, 3*o - 51*t = -56*t + 68357. What is the units digit of o?
4
Let b(l) = -12593*l - 383. What is the units digit of b(-2)?
3
Suppose -3*a + 153*c + 29873 = 157*c, -29861 = -3*a + 2*c. What is the hundreds digit of a?
9
Let h(i) = 5*i + 41. Suppose -5*j - w - 35 = -6*w, -w = 2*j + 17. Let r be h(j). What is the units digit of 134 + (r/(-2))/(14/28)?
3
Suppose 3*m + 4 = 22. Suppose m*l - 63 = 3*l. What is the tens digit of l?
2
Let z = 480 - 1064. Let d = z + 837. What is the units digit of d?
3
Let w be ((-7)/14*-8)/2. Suppose j - 888 = -4*f, 4*f + w*j - 666 = f. What is the hundreds digit of f?
2
Suppose 2*v + i + 0*i = -3, -4*i - 12 = 0. Suppose v = -4*r + 5*r + 116. Let a = -34 - r. What is the tens digit of a?
8
Suppose 5*m + 2*u + 36948 = 221742, u - 147831 = -4*m. What is the ten thousands digit of m?
3
Let o be 12/15*15/2. Let y(t) = -2*t**2 + 6*t - 12. Let s be y(o). Let x = 64 + s. What is the units digit of x?
6
Let q be 16/1*(-3)/(-12). Let a(f) = -f**2 + 2*f + 7. Let v be a(q). What is the units digit of 4 - v/(-4)*0?
4
Suppose 0 = 6*n - 44 - 40. Suppose 0 = -5*h - 3*c + 1913, -n*c = -18*c + 4. What is the hundreds digit of h?
3
Suppose 0 = -3*b - f + 64266, 107110 = 10*b - 5*b - 5*f. What is the units digit of b?
2
What is the hundreds digit of (-52713 - (-1 + 0))*(-197 + 196)?
7
Let o be 1/(-2 + 21/14). What is the tens digit of ((-3516)/(-3))/((-1 - o)*2)?
8
Let m(o) = 55*o**3 + o**2 + 6*o - 7. Let y be m(1). Suppose 0 = 5*w - 4*u + 62, 2*w = -0*w + 5*u - 18. Let h = y + w. What is the units digit of h?
1
Suppose -163*s + 159*s = -4, 6647 = z + 4*s. What is the hundreds digit of z?
6
Suppose 4715 = 5*v - 5*j, 0 = -4*v + j + 3742 + 39. Let g = v - 647. What is the hundreds digit of g?
2
Let w = 21584 - 5265. What is the hundreds digit of w?
3
Let m(b) be the first derivative of 7*b**2/2 + 38*b - 9. Let o be m(0). Let d = 85 + o. What is the hundreds digit of d?
1
Let q = -40 + 15. Let n = q - -35. What is the hundreds digit of -1 + n/12 - (-721)/6?
1
Let o = -333 + 335. Suppose p + 0*p = -o*l + 1724, p = 4*l - 3454. What is the tens digit of l?
6
Let p(g) = g**3 - 16*g**2 - 3*g - 5. Let v be p(5). Let c = -79 - v. What is the tens digit of c?
1
Let i(b) = -1292*b**3 + 11*b**2 - 10*b - 41. What is the units digit of i(-3)?
2
Let o(a) = a**3 + 12*a**2 + 3*a + 15. Let y be o(-12). Let r = y + 23. What is the tens digit of (-2 + (-3)/(-2))/(r/(-48))?
1
Suppose 11 - 19 = -2*g. Suppose 0 = -g*h + 5*h - 469. What is the units digit of h?
9
Suppose -12 - 60 = 9*x. Let t(z) = -z**2 - 8*z + 3. Let o be t(x). Suppose 0 = 2*p - o*c - 265, -6*p = -p + c - 654. What is the units digit of p?
1
Suppose -11*w - 25019 = -85310 - 74591. What is the tens digit of w?
6
Let b(v) = 32 + 3*v - 2 - 12*v + 24 - 76*v. What is the hundreds digit of b(-6)?
5
Suppose 0 = -2*l + 3*a - 14163, -5*l + 35395 = -10*l - 5*a. What is the units digit of 1/(7 - (-49552)/l)?
5
Let u(t) = -4*t**3 - 3*t**2 - 17*t - 14. Let r = -88 + 94. Let w be (-9)/6*(4/r + 2). What is the tens digit of u(w)?
6
What is the thousands digit of 8093 + (-9)/((-117)/65)?
8
Let t be 143892/27*9/14*8. What is the hundreds digit of (t/7)/6 + 21/49?
6
Let a be -1 + -3 + (-20)/(-5). Suppose -i + 1 + 1 = a. Let m(v) = 2*v**2 - v - 3. What is the units digit of m(i)?
3
Let z = 27 - 387. Let a = 598 + z. Suppose a = 7*t - 21. What is the tens digit of t?
3
Suppose 304*k + 175*k - 8710968 = 23*k. What is the units digit of k?
3
Let m be (-1)/(1 + (-2 - 3288/(-3286))). Let g = -899 - m. What is the units digit of g?
4
Let w = -68 - -38. Let k(c) = -3*c - 36. Let u be k(w). What is the hundreds digit of (-96)/u*-21*3?
1
Let c(v) = -2*v**3 + 6*v**2 + 10*v - 5. Let i = -85 + 77. What is the units digit of c(i)?
3
Suppose -3*d + 19323 = y - 212